t w(l) = -7*v(l) - 2*y(l). Let m(b) = -2*b + 3. Let s(q) = 17*m(q) + 6*w(q). Give s(-3).
9
Let r(l) = 3*l**2 - 3*l + 3*l**2 - 1 + 2*l. Give r(-1).
6
Let a(p) = -6*p**2 - 3*p - 7. Let t(n) = -5*n**2 - 3*n - 7. Let j(r) = 6*a(r) - 7*t(r). Suppose 3*k - 6 = 3. Let d = 2 + k. What is j(d)?
-3
Let o(s) = 5*s - 3*s - 2*s + 6*s - 4. Give o(4).
20
Let k(p) = -p + 4*p - 3*p - 6 + 2*p. Let b be 0 - (-12 + -1 + -1). Suppose 3*a + 2 = b. What is k(a)?
2
Let w(b) be the first derivative of -b**7/840 + b**6/45 - b**5/120 + 7*b**4/24 + b**3/3 - 7. Let u(n) be the third derivative of w(n). Calculate u(8).
-1
Let n(x) = x**2 - 5*x. Let w(a) = 2*a**2 - 5*a + 1. Suppose 4*f + f = -20. Let u(t) = f*n(t) + 3*w(t). Determine u(-3).
6
Suppose -2*s + 14 = -2*a, -3*s + 31 = -a + 3*a. Suppose 3*n = 3*u + 4*n + s, -2*u - 11 = -n. Let v(x) = -x**3 - 4*x**2 + x - 2. Give v(u).
-6
Let a(x) be the third derivative of x**6/120 + x**5/20 - x**4/4 - x**3/2 - 3*x**2. Calculate a(-4).
5
Let o(l) = -11 + 3*l**2 - 4*l**2 + 8. Let v(f) = -3*f**2 + f - 6. Let x(r) = -5*o(r) + 2*v(r). Determine x(4).
-5
Let o = 4 - 2. Let i(x) = -x**3 + 3*x**o + 5 + 3 - 3*x**2 - x**2. What is i(0)?
8
Let c(l) = 12*l. Let z(g) = 265*g. Let t(j) = 45*c(j) - 2*z(j). Let f(k) = -k**2 - 3*k - 1. Let o be f(-3). Determine t(o).
-10
Let a(v) = 7. Let k(x) = 10. Let n(u) = -7*a(u) + 5*k(u). Let h(i) = 2*i - 1. Let s(g) = -h(g) - 6*n(g). Give s(-5).
5
Let v(z) = 5 + z - 11 - 4. Give v(7).
-3
Let f be 2/(-1) + (2 - -3). Let v(y) = 3 - f + 1 + 5*y. Suppose 2*s + 1 = s. Calculate v(s).
-4
Let b(g) be the second derivative of -g**4/12 - g**3/2 - 3*g**2/2 + 4*g. Determine b(-2).
-1
Suppose -14*h + 18*h - 8 = 0. Suppose 2*a = -h*a. Let m(f) = f - 3. Calculate m(a).
-3
Let a(i) = 4*i**3 + 4*i**2 - i + 4. Let x(w) = -3*w**3 - 3*w**2 + w - 3. Let v(j) = -2*a(j) - 3*x(j). What is v(-2)?
-1
Let q(i) = 3*i - 6. Let u be q(7). Let s be 81/u + 2/(-5). Let r(n) = n**2 - 6*n + 2. Calculate r(s).
-3
Let u(g) be the third derivative of g**6/120 + g**5/10 + g**4/6 - g**3/3 + 13*g**2. What is u(-5)?
3
Let f(a) be the first derivative of -a**5/120 - a**4/12 + a**3/3 - 4. Let w(s) be the third derivative of f(s). Determine w(-2).
0
Suppose -s + 3 = -2*s. Let q(f) = -2 + 0*f**3 + 0*f**3 - 2*f**2 + 3*f - f**3. Give q(s).
-2
Let m(d) be the first derivative of 2*d - d**2 + 1/12*d**4 + 0*d**3 + 1. Let t(b) be the first derivative of m(b). Calculate t(3).
7
Let g(h) = -h - 6. Let b be 2*-1 - (10 - 6). Determine g(b).
0
Let d(h) = -h**3 - 5*h**2 + 8*h + 8. Let w = 36 - 17. Suppose -w = 4*s + 5. What is d(s)?
-4
Let k(a) = 5*a**2 + 3*a - 7. Let w(p) = 14*p**2 + 9*p - 20. Let h(t) = 11*k(t) - 4*w(t). Calculate h(2).
-7
Let j(w) = 8*w - 6 - 2*w - 4*w. What is j(5)?
4
Let n = -18 + 39. Let a be 18/(-8)*(-56)/n. Let y be 2 + 1 + a + -5. Let w(s) = s**2 - 6*s + 1. Calculate w(y).
-7
Let l(x) = 6*x**3 + 2*x - 4*x**2 + 4 + 5*x**2 - 3. Let v(r) = -r**2 - r - 1. Let h be v(0). What is l(h)?
-6
Let v(w) = -w**2 + w + 1. Let o(p) = -6*p**2 + 6*p + 5. Let d(h) = -o(h) + 4*v(h). Let c be (0 + 2)/(-8 + 9). What is d(c)?
3
Let l(y) = y**3 + 3*y**2 + 3*y + 2. Suppose 4*i + 2*d - 66 = 0, 0 = -5*i + 4*d - 2*d + 60. Let a = i - 16. Calculate l(a).
0
Let y(f) be the second derivative of 1/20*f**5 - 1/6*f**3 + 0 + 1/2*f**4 + 4*f - 7/2*f**2. Give y(-6).
-1
Let a(s) be the first derivative of s**3/3 + s**2 + s - 8. Give a(-1).
0
Let r(q) = 2*q**3 - 7*q**2 - 10*q - 1. Let t(s) = s**3 - 7*s**2 - 9*s. Let w(n) = 2*r(n) - 3*t(n). Let p = 3 - 9. What is w(p)?
-8
Let t(x) = -16 - 7 - 10 + 34 - 3*x. Let f be (-1)/(-4) + (-3)/(-4). Let b = 2 - f. What is t(b)?
-2
Let s be (-6)/(-1)*(4 + -3). Let r(k) = -k**3 + 7*k**2 - 5*k - 6. Give r(s).
0
Let l(p) = p**3 - 12*p**2 + 12*p - 11. Let u(c) = 2*c**3 - 23*c**2 + 24*c - 22. Let w(t) = -5*l(t) + 3*u(t). Calculate w(8).
21
Let q(x) = -x - 7. Let n be 6/21 - (-38)/14. Suppose n*k = k. Calculate q(k).
-7
Let d(j) = j**3 - 6*j**2 - 9*j + 4. Let h = 24 + -17. Calculate d(h).
-10
Let l be 2 - 1 - (5 - -2). Let o(p) = -p**3 - 7*p**2 - 7*p - 9. Determine o(l).
-3
Let y be (-26)/(-10) + (-2)/(-5). Suppose 3 = -4*q - 5*b - 5, -5*b = 20. Let v(r) = -r**3 - 5*r**2 + q*r + 5 - y*r. Give v(-5).
5
Suppose 0 = -3*r - 9, 0 = i + 2*i - r + 3. Let x(q) = 4*q + 2 + 0 - 4 - q. Give x(i).
-8
Let l(g) = -2*g - 4 + 2 + 1 + g. Give l(0).
-1
Let d = 1 - -4. Let q(k) = -k**3 + 5*k**2 - 3*k + 2. Determine q(d).
-13
Let y(t) = -t**2 - t + 2. Let z be y(0). Let d be (-2 - 12/(-1))/z. Let f = d - 1. Let p(g) = 2*g - 3. Calculate p(f).
5
Let m be -1*(-2)/(-4)*0. Let f(y) = y**2 + 18*y + 2. Let o(h) = -2*h**2 - 39*h - 5. Let d(v) = 13*f(v) + 6*o(v). Give d(m).
-4
Let j(i) = 153*i**3 + i**2 - 152*i**3 + 0*i**2. Give j(-1).
0
Let k(q) be the first derivative of -11*q**3/3 - q + 6. Suppose -2*y = y - 15, 0 = 3*v + 2*y - 13. Calculate k(v).
-12
Let o(v) = -7*v**2 + 4*v + 5*v - 5*v + 6*v**2. Suppose 4*g = 2*t - 2, 8*g - t = 3*g - 1. Suppose g*i - 4 = -i. Give o(i).
0
Let s(z) = 9*z + 3. Let o(a) = 5*a + 2. Let t(b) = 11*o(b) - 6*s(b). Calculate t(5).
9
Let t = -173 - -168. Let o(k) = k**2 + 2*k + 3 - 2 - 3. What is o(t)?
13
Let f(r) = r**2 - 7*r + 5. Let o be f(6). Let b(g) = -6*g**2 + 1. Determine b(o).
-5
Let s(w) = -3*w + 5*w - 11 - 3*w. Determine s(-5).
-6
Suppose 2*o = o + 2. Let y(a) = 0*a - 3 + 0 + a + o. Calculate y(0).
-1
Suppose -h - 3 - 3 = 0. Let y(g) = -6 + 2*g - 1 + 1 + 2. Determine y(h).
-16
Let g(c) = 2*c**2 - 4*c**3 + 3*c**3 + 2*c - 4*c. Give g(2).
-4
Let x(j) = -j**2 - j - 1. Let v(c) = c**3 - 2*c**2 - 6*c + 7. Let b be v(3). Calculate x(b).
-3
Let k(u) = -2*u + 4. Let p(j) = -j**3 + 7*j**2 + 2*j - 4. Let b(y) = y + 13. Let s be b(-6). Let d be p(s). Let w = -5 + d. Determine k(w).
-6
Let w(q) = -q**2 - 3*q + 3. Let f be w(-3). Let t(n) = n**3 - 3*n**2 + n - 3. Give t(f).
0
Suppose 4*b - 3*x = -23, -3*x = -3*b - 7 - 14. Let z(k) = 2*k**2 + 2*k - 2. Let p be z(b). Let t(j) = -15 + p*j**2 + 15 + j + 7*j**3. Calculate t(-1).
-6
Let g = 2 - 3. Let f(t) = 31*t**2 + 9*t + 2. Let k(b) = -46*b**2 - 13*b - 3. Let m(q) = 7*f(q) + 5*k(q). Calculate m(g).
-12
Let l(z) = -z + 1. Let j(n) = 11*n - 9. Let v(y) = 2*j(y) + 18*l(y). Suppose -1 = -3*k + 2. What is v(k)?
4
Let l(u) be the third derivative of -u**6/120 - u**5/12 - 5*u**4/24 - u**3/2 - 2*u**2. Determine l(-3).
-6
Let q(x) = -x - 6. Let m(r) = -r**3 + 2*r**2 + 4*r - 1. Let a(i) = 1. Let v(d) = -2*a(d) + m(d). Let y be v(3). Calculate q(y).
-6
Let o = 11 - 8. Let z(s) = 3 + 3*s + s**o - 2*s**3 - 2*s**2 - s**2. What is z(-4)?
7
Suppose 11*o = 10*o + 7. Suppose 3*j = j - 2*u + 6, 2*u = -j + o. Let k(f) = -6*f + 1. Determine k(j).
7
Let k(s) be the second derivative of -s**5/20 - s**4/12 + s**3/6 + 5*s**2 - 28*s. Determine k(0).
10
Let r(k) be the second derivative of -k**5/20 - 5*k**4/12 + k**3/3 + 3*k**2/2 + 20*k. Let j(a) = -a**2 - 5*a + 1. Let z be j(-6). Give r(z).
-7
Let i(z) be the third derivative of -z**5/12 - z**4/24 - z**3/2 + 2*z**2. Let h(w) = w**2 + w. Let o(a) = 4*h(a) + i(a). Let d be (-2)/4*1*-6. Give o(d).
-3
Let n = 1 - -2. Let v(h) = -h**3 + 2*h**2 + 2*h + 1. What is v(n)?
-2
Suppose 9 - 13 = 4*w. Let a be (-10 + 9)*(-8 - w). Let s(o) = -2*o + 10. Give s(a).
-4
Let i(f) = 6*f**3 + 25*f**2 + 31*f - 36. Let j(p) = -p**3 - 5*p**2 - 6*p + 7. Let x(v) = 2*i(v) + 11*j(v). What is x(5)?
-15
Let p(b) = b**3 + 25*b**2 + 25*b + 30. Let h be p(-24). Let j(r) = -2*r + 7. Calculate j(h).
-5
Let y be 32/(-12) + (-4 - -7). Let l(h) be the second derivative of -1/2*h**2 + 0 + y*h**3 + 3/10*h**5 + h - 1/6*h**4. Determine l(1).
5
Let w(x) = x**3 + 3*x**2 - 2*x + 4. Let k = -99 - -95. What is w(k)?
-4
Let d(i) be the first derivative of i**5/60 + i**4/4 - i**3/3 + 3*i**2/2 - 5. Let r(v) be the second derivative of d(v). What is r(-6)?
-2
Let s(b) = -7*b**2 - 9*b - 159*b**3 + 160*b**3 + 2 + 10. What is s(8)?
4
Let q be -5*(1 + -2) - 0. Suppose 0 = -2*w - q + 1. Let i(n) be the first derivative of -n**2 - 2*n + 2. What is i(w)?
2
Let q(m) = -m**3 + 4*m - 11 + 8*m + 0*m**3 + 9*m**2 - 2*m**3. Let t(p) = -p**3 + 3*p**2 + 4*p - 4. Let l(g) = 4*q(g) - 11*t(g). Calculate l(4).
0
Suppose 3*j - 8 + 11 = 0. Let n(z) = 2*z**2 - z - 1. Determine n(j).
2
Let n = -3 + 7. Let w(b) = 6 + 4*b**2 - 3*b + n*b**3 - 5*